)?
3
Let g = 11500 + -5922. What is the tens digit of g?
7
Let n(w) = 4368*w**2 - 25*w - 39. What is the thousands digit of n(-2)?
7
Let m be ((-235)/(-15))/(1 + 572/(-576)). Suppose 3*l + 4*p - 9*p - 1692 = 0, p + m = 4*l. What is the tens digit of l?
6
Suppose 5*f - 3*z = 179, 0 = -15*f + 18*f - 3*z - 105. What is the thousands digit of (f - 48)/(2/(-366))?
2
Let v = 1145 - -3923. What is the thousands digit of v?
5
Let x = 426 - 423. What is the tens digit of x/8*2430 - (-3)/(-12)?
1
Let u(d) = 5*d**2 + 337*d + 94. What is the hundreds digit of u(-84)?
0
Let h(g) be the second derivative of g**5/20 + 3*g**4/4 - 11*g**3/6 - 6*g**2 + 37*g. Let n be h(-10). What is the tens digit of 2 - 141/n - 3/(-2)?
7
Suppose -3758 = -x - 5*s + 3033, 0 = -4*x - 6*s + 27192. What is the tens digit of x?
0
Let y(d) = d**2 - 10*d + 19. Let p be y(7). Let r(s) = -s - 7. Let m be r(p). What is the tens digit of (36/m)/((-46)/575)?
9
Let x(t) = t**2 - 4*t + 7. Let p be x(2). Suppose -5*g + 424 = f - 676, -p*g + 5*f = -688. What is the units digit of g?
1
Suppose -12577 = -n + q + 735, 3*n + 5*q - 39960 = 0. What is the units digit of n?
5
What is the tens digit of ((-16)/(-20) - 1)/(12/(-4387080))?
1
Let x(o) = -o**3 + 4*o**2 + 19*o - 38. Let y(z) = z - 6. Let d be y(11). What is the units digit of x(d)?
2
Suppose -11*v - 138*v = 129*v - 6536614. What is the ten thousands digit of v?
2
Suppose -5*d - 5*p - 4324 = -9*p, 5*d + 4325 = 5*p. Let v = d + 1701. What is the tens digit of v?
3
Let b(z) = -z**3 + 76*z**2 - 48*z + 411. What is the units digit of b(75)?
6
Suppose -640553 = 9*c - 25*c + 339303. What is the units digit of c?
1
Suppose -15 = 14*b - 17*b. Let s(r) = 6*r**2 - 1 - r**2 + 4 - r**3 + 6*r. What is the units digit of s(b)?
3
Suppose 2*h + 46*h = -h + 1224020. What is the thousands digit of h?
4
Let b = -573 - -395. Let v = 502 - b. What is the tens digit of 7/((-63)/(-6)) - v/(-6)?
1
Suppose 2*m - m = 2*s + 10, -m = 2*s + 2. Suppose -m*b - 280 = -8*b. What is the units digit of b/20*(-6)/(-7)?
3
Let g = -5173 - -9366. What is the units digit of g?
3
Let s = 37 - 80. Let b = 153 + s. Let t = b - -46. What is the hundreds digit of t?
1
Suppose -21*r + 5477 + 14992 = -18*r. What is the hundreds digit of r?
8
Suppose 17*a - 12*a - 3*j = -260, -a - 2*j - 39 = 0. Let f(p) = p**3 + 51*p**2 + 97*p + 108. What is the units digit of f(a)?
7
What is the units digit of 3/(-6)*(-15 - 3) - -5321?
0
Suppose 5080581 = -342*v + 513*v. What is the tens digit of v?
1
Suppose 5*f = -194 + 19. Let c = 9702 - 9721. Let o = c - f. What is the tens digit of o?
1
Let j = -2916 + 3974. What is the tens digit of j?
5
Suppose 56*s + 564103 = -39*s + 2447193. What is the tens digit of s?
2
What is the units digit of (-10 - (-2600)/15)/(0 + (-1)/(-51))?
0
Suppose -3*f + 987 - 94 = -4*t, -4*f = -4*t - 892. Let c = -92 - t. Suppose -4*h = c - 444. What is the tens digit of h?
7
Let n = 12753 + -6821. What is the tens digit of n?
3
Suppose -4*z + 928 = -212. Let u(v) = -v**3 + 16*v**2 - 30*v + 34. Let j be u(14). Suppose 39 = j*f - z. What is the units digit of f?
4
What is the ten thousands digit of (-5*3/(-25))/(14/(-140))*-11974?
7
Suppose 31*w - 174 + 50 = 0. Suppose -w*h + 3292 = -c, -4*h + 4152 = 4*c + 880. What is the tens digit of h?
2
Let a(l) = -l**3 + 23*l**2 - 18*l + 34. What is the units digit of a(-18)?
2
Let a = -7543 + 13864. What is the tens digit of a?
2
Let h(j) = j**3 + 71*j**2 + 77*j + 138. What is the thousands digit of h(-41)?
7
Let o = -46159 + 89177. What is the units digit of o?
8
Let o be -2 + (-21)/(-3) + (-4)/2. Suppose 5*w + 15 = 0, w + 1750 = o*g + 7. What is the units digit of g?
0
Let r = 578 + -90. What is the units digit of (4 + -9 - -3) + r?
6
Suppose 2*x - 2*z + 5*z = 1, 0 = -3*x - 5*z + 1. Let s(o) = 136*o**2 + 6*o - 10. What is the tens digit of s(x)?
4
Suppose -4*r + 250 = 2*a - 742, 4*r - 2*a = 984. Suppose -1540 = -r*g + 243*g. What is the tens digit of g?
8
Suppose -2*i = -4*b + 4256, 61*b = 56*b - i + 5341. What is the tens digit of b?
6
Let u(c) = -c**3 + 5*c**2 + c. Let a be u(5). Suppose 47 = 6*s - a*s. Suppose 3*p = -v + 525, -5*v - s = -4*p + 634. What is the tens digit of p?
7
Let h(a) = -3099*a + 87. What is the units digit of h(-18)?
9
Suppose 5*f + 2*j - 131251 = 0, -21*f = -5*j - 363687 - 187460. What is the tens digit of f?
4
Let b be (-120 + 6)*3/(-6). Suppose 28*h - b*h = -4582. What is the tens digit of h?
5
What is the tens digit of 2381 + (-713)/138 + (-1)/(-6)?
7
Let t be (-3*1)/(3/(-2)). Let u = 977 - 972. What is the tens digit of (u/(15/906))/t?
5
Let y(n) = n**3 + 5*n**2 - 2*n - 17. Let b be y(-5). What is the units digit of -2 - (-464 + b) - -7?
6
Let c = 93 - 95. What is the hundreds digit of ((-19)/((-76)/270))/(c/(-12))?
4
Suppose -5*d + 3*v - 7 + 15 = 0, 2*d - 5*v = 7. What is the tens digit of 513 - (-5 + -2 + d)?
1
Let w = -78 - -69. Let r(b) = b**3 + 15*b**2 + 17*b + 1. What is the hundreds digit of r(w)?
3
Suppose 4139419 + 5041067 = 359*z + 773783. What is the tens digit of z?
1
Suppose 3*s + 34*j - 33*j - 8 = 0, -4*s = -5*j - 36. What is the hundreds digit of 3 + s/12*1146?
3
Suppose -505614 = -47*x + 359374. What is the ten thousands digit of x?
1
Let x(i) = i**3 - 7*i**2 + 8*i - 6. Let f be x(6). Let p be (f + -4)*(-13)/(-2). Suppose -8*o = -p*o + 930. What is the units digit of o?
6
What is the thousands digit of (1130/6)/(112/5040)?
8
Let q(n) = 550*n + 5958. What is the thousands digit of q(9)?
0
Suppose 204*b = 208*b - 8. Let n(k) = 89*k + 9. What is the units digit of n(b)?
7
Let z = -15 - -20. Suppose -3*v = z*g - 1349, 3*v = -5*g + g + 1081. What is the hundreds digit of g?
2
Suppose -2*b = -8, -7*l + 11802 = -2*l + 3*b. Let c = -1578 + l. What is the units digit of c?
0
Suppose o - 1675 - 5664 = 0. What is the tens digit of o?
3
Let s(d) = -2*d**2 + 49*d + 14. Let z(a) = a**2 - 24*a - 7. Let v(y) = 3*s(y) + 7*z(y). What is the hundreds digit of v(36)?
5
Suppose 2*f + 12*d - 15*d + 24 = 0, -2*f + 4*d = 26. Let o(n) = -n**3 - 2*n**2 + 12*n + 24. What is the units digit of o(f)?
3
Let f(u) be the second derivative of -11*u**4/12 - 8*u**3/3 - 13*u**2/2 - 4*u. Let d(l) be the first derivative of f(l). What is the units digit of d(-6)?
6
Suppose -4*z + 9 = -2*w - 5, 4*z + 7 = -5*w. Suppose -286 = -o - z*v, -4*o - 2*v - 2*v + 1136 = 0. What is the tens digit of o?
8
Let b be 4 - 12*1/4. Let r(u) = 266*u**3 - 2*u**2 + 1. What is the units digit of r(b)?
5
Let l(d) = 6*d**2 - 7*d - 70. Suppose -8 = 13*o + 96. What is the units digit of l(o)?
0
Let h(o) = o**3 + 96*o**2 - 22*o - 124. What is the thousands digit of h(-95)?
0
Suppose 4*v + 3*t = -0*v + 169, 4*t - 164 = -4*v. Suppose 0 = -3*x + 3*h + 123, 0 = 2*x - x + 2*h - 41. Let z = v - x. What is the units digit of z?
5
Suppose -s - 48 = 3*q + 2*s, -2*q = 3*s + 27. Let r(g) = -27*g - 15. What is the hundreds digit of r(q)?
5
Let w(k) = -9*k + 76. Let n be w(8). Suppose -10*t + n*t + 7536 = 0. What is the tens digit of t?
5
Suppose -354*y = -338*y - 198944. What is the hundreds digit of y?
4
Suppose 9*r = 22*r + 90*r - 1251244. What is the ten thousands digit of r?
1
Let h be (20/4 - 4)*10. Suppose h = -2*k + 152. What is the units digit of k?
1
Let u(q) = 34*q - 55. Let h be u(17). Let l = 938 - h. What is the tens digit of l?
1
Suppose 39105 - 5231346 - 3158487 = -228*o. What is the thousands digit of o?
6
Let t(y) = 14*y**2 + 51*y - 203. Let f(p) = -5*p**2 - 17*p + 68. Let d(q) = 11*f(q) + 4*t(q). What is the hundreds digit of d(-24)?
1
Let k(r) = -90*r**3 - 6*r**2 + 6*r - 6. Let p be k(4). Let i = -10090 - p. What is the tens digit of 3 + i/(-20) + 3/(-5)?
1
Let h be (-2328)/(-9) + 1 + 145/(-87). Let m = 665 - h. What is the hundreds digit of m?
4
Suppose 120 = -13*y + 5*y. Let s(d) = 0*d**3 + 4*d**3 - 15*d**2 - 7*d - 5*d**3. What is the hundreds digit of s(y)?
1
Let q = -32539 - -68162. What is the thousands digit of q?
5
Suppose 0 = -211*r - 72*r + 9864392 - 2103966. What is the units digit of r?
2
Suppose -376*q - 55725 = -200*q - 191*q. What is the units digit of q?
5
Let r be (2 + (-40)/15)/((-4)/42). Suppose -r*p + 472 = -3*p. What is the hundreds digit of p?
1
Suppose 3*k + 75 = 8*k. Suppose -2*i = -3*t + 3, 0 = -4*i - 2*t + k + 3. Suppose -2